s digit of v?
0
Suppose -2*u + 3*w - 4 = -1, 2*w + 37 = -3*u. Let o(y) be the first derivative of y**3/3 + 4*y**2 + 6*y - 1. What is the units digit of o(u)?
5
Let n(h) = 887*h**3 + 2*h**2 + 6*h - 7. What is the units digit of n(1)?
8
Let d = -1037 + 1950. What is the hundreds digit of d?
9
Let s = -16 + 19. Let r = 10 - s. Let b(n) = 5*n + 6. What is the units digit of b(r)?
1
Suppose -4*p = -3*w - 6 - 7, 0 = 2*w + 6. Let l = -499 - -259. What is the tens digit of l/(-8) + p/1?
3
Suppose 2*h + 0 = 12. What is the tens digit of (-1)/(-2)*(h - -60)?
3
Let i = -5 - -8. Suppose -5*l + 1 + 19 = 4*o, o + i*l + 2 = 0. What is the units digit of o?
0
Let y = 19 - 51. Let a be (-1)/(-3) - (-161)/3. Let i = a + y. What is the tens digit of i?
2
Let o = 759 - 409. What is the hundreds digit of o?
3
What is the hundreds digit of ((-402)/15)/(37/(-185))?
1
Suppose -3*j = -5*w + 2*j + 600, -2*j - 603 = -5*w. Suppose 0 = 7*g + w - 632. What is the units digit of g?
3
Let g(a) = -a**3 - 14*a**2 + 16*a + 14. Let x be g(-15). Let o = 2 - x. Suppose -f - 4*h + 26 = 0, 0 = 2*f + o*f + h - 206. What is the units digit of f?
2
Let x = 17 + -12. Suppose -5*q - 2*o - 3 = -4*o, 4*o = -3*q + 19. Let h = x + q. What is the units digit of h?
6
Let n = -1012 + 2042. What is the thousands digit of n?
1
Let m(b) be the second derivative of b**6/45 + 7*b**5/120 - 7*b**4/12 + 14*b. Let q(z) be the third derivative of m(z). What is the units digit of q(3)?
5
Let c be (-14)/((-8)/4) + 2. Let p(q) be the third derivative of q**6/120 - q**5/6 + 5*q**4/12 + q**3/3 - 2*q**2. What is the units digit of p(c)?
1
Suppose 127374 = v + 70*v. What is the hundreds digit of v?
7
Let f = -6307 - -10723. What is the hundreds digit of f?
4
Let f = -1606 + 4525. What is the units digit of f?
9
Let f = 65 + -67. Let z(k) = -7*k**3 - 6*k - 3. What is the units digit of z(f)?
5
Suppose u + 5*q - 1 = 0, 2*u + 2*q + 9 = -21. Let h = u - -16. What is the units digit of -7*(-3 - h/21)?
0
Let g = -408 + 576. What is the tens digit of g?
6
Suppose -5*p - 2*v + 8 = 0, 4*v = -3*p - 0 + 2. What is the units digit of (-28)/(-42) - p/((-6)/169)?
7
Let g be (-8)/(-12) - (-46)/3. Let v = -19 + g. What is the tens digit of (-26*1)/(-1) - v?
2
Suppose 0*u + 4*u + 12 = 0. What is the tens digit of (1*-19)/(2/(u - -1))?
1
Let u(x) = 8*x - 173. Let s(a) = -23*a + 519. Let m(k) = 4*s(k) + 11*u(k). What is the tens digit of m(0)?
7
Let o(a) = -56*a**3 - a**2 - 2*a - 3. What is the units digit of o(-2)?
5
Let v be 0/(6/2) + 14. Let r be 2/v - 870/(-35). Suppose r = p - 12. What is the tens digit of p?
3
Suppose 2*c = -8, 4*s - c + 4*c + 100 = 0. Let r = s - -46. What is the tens digit of r?
2
Let h = -72 - -691. Suppose 5*n - 4*t = 1025, 5*n - h = 5*t + 411. What is the tens digit of n?
0
Let v = -52 + 2026. What is the units digit of v?
4
Suppose -3611 = -21*x + 4726. What is the hundreds digit of x?
3
Suppose 15 = -5*b - 0*b. Let z(t) = t**2 + 4*t - 1. Let f be z(b). Let a(o) = -11*o - 3. What is the tens digit of a(f)?
4
Suppose x + 0*o - 443 = 2*o, 3*x - 1345 = -2*o. What is the units digit of x?
7
Let b(r) = r**3 - 6*r**2 + 8*r - 7. Let f(c) = 2*c + 16. Let h be f(-4). What is the units digit of b(h)?
5
Let w(r) = -r**3 + 3*r**2. Let h be w(3). Suppose -3*v - 3 = h, -4*k + 29 + 6 = 5*v. What is the units digit of 12/k + 1/(-5)?
1
Suppose 15*n = 20*n - 325. Let x = 24 + n. What is the units digit of x?
9
Suppose 0 = -2*p + 4*b + 156, 0 = 3*p + 2*b + 104 - 346. Let w(a) = -a**3 + 5*a**2 - 4*a + 3. Let f be w(4). Suppose -p = -l - f*l. What is the tens digit of l?
2
Let g(w) be the second derivative of w**3/6 + w**2/2 + 8*w. Let v be g(1). Suppose 0 = 9*y - v*y - 168. What is the units digit of y?
4
Suppose 3*i = -0*i + 18. Let t be (i/8)/(4/16). Suppose -t*d + 2*d = -18. What is the tens digit of d?
1
Suppose -2*x + 53 = -31. Suppose -5*r + 2*g = -5785, -5*r - g = -r - 4615. What is the tens digit of r/x + (-3)/2?
2
Let m(o) be the first derivative of -5*o**2/2 + 21*o + 1. What is the units digit of m(-10)?
1
Suppose 78*g - 243862 = 79760. What is the tens digit of g?
4
Let s(m) = 2*m**3 - 9*m**2 + 6*m + 4. What is the tens digit of s(6)?
4
Let o be 7 + 3 + -14 - 2*-89. Suppose -5*z + o = -31. What is the tens digit of z?
4
Let v be (10/(-4))/(-4 + (-28)/(-8)). Suppose 2*w = m - 35, v*m + 211 = 10*m + 2*w. What is the units digit of m?
1
Suppose 3*h = -0*h - 4*o + 30, 0 = 3*o. Let z = h - 7. Suppose -6*m + z*m + 33 = 0. What is the tens digit of m?
1
Let h = 261 + -152. What is the units digit of h?
9
Let r(l) = -23*l - 544. What is the thousands digit of r(-73)?
1
Let r = -718 - -2753. What is the tens digit of r?
3
Suppose 46 = 5*n - b, -5*b + 31 = n + 3*n. Let m = n + -5. Suppose -4*r = 5*t - 87, -r + m = -3*r. What is the units digit of t?
9
Let b(m) be the third derivative of -m**5/60 + m**4/12 + m**3/3 - 7*m**2. Let k be b(0). What is the units digit of (-4)/8 - (-75)/k?
7
Suppose p = 10*p + 3096. Let g = -169 - p. What is the units digit of g?
5
Suppose -3*r + 262 = -5*z, -r + 5*r + 5*z = 396. Suppose 0 = -3*x - 5*p + 4*p + r, 33 = x + 2*p. What is the tens digit of x?
3
Suppose -11*b + 8*b = -6. Suppose i - 72 = -b*x, -2*i + 3*x + 94 = -50. What is the tens digit of i?
7
Let q be 26/(-12) + 2/12. Let m be (3 + 9/q)*-128. Suppose 4*v = v + m. What is the units digit of v?
4
Let x = 1913 - 1142. What is the hundreds digit of x?
7
Suppose 128 - 29 = 3*l. Suppose -6*r = -3*r - l. What is the tens digit of r?
1
Let b(f) = -3*f**2 - 117*f + 32. What is the units digit of b(-36)?
6
Let c = -11 - -15. Suppose -c*n + 7 = -1. Suppose -p = n*p + 5*h - 43, -3*p = -3*h - 75. What is the tens digit of p?
2
Let b = 24 - 24. Suppose 2*k - 3*x = -b + 12, -5*k - 4*x + 30 = 0. What is the units digit of k?
6
Let l(y) = -9*y**3 - 19*y**2 - 3*y + 2. Let i be l(-4). Suppose -15*g + 2926 - i = 0. What is the units digit of g?
6
Let s = -2 - -9. Let o be (12/(-14))/((-1)/s). Suppose -4*m - 30 = -o*m + 2*k, 105 = 5*m + k. What is the units digit of m?
0
Let d(w) = w**3 - 8*w**2 + 7*w + 2. Let k be d(7). Suppose 3*u = -3*l - 0*l, 5*l = k*u + 14. Suppose l*h = -3*h + 70. What is the tens digit of h?
1
Let w be 4 - (1 - 1/1). Suppose -5*b + w*b + 89 = 0. What is the units digit of b/5 + 3/15?
8
Let k(u) = u + 9. Let p be k(-6). Suppose 7*b - 790 = -p*b. What is the tens digit of b?
7
Let n(a) = -a**2 + 4*a + 4. Let i be n(4). Let x be ((-5)/2)/((-1)/(-14)). What is the units digit of (-1375)/x + i/(-14)?
9
Let a = -3 + 7. Suppose -3*t + 4*n = -2*t + 4, -5*n + 5 = t. Suppose a*j - j = 2*h - 59, 3*h + j - 72 = t. What is the units digit of h?
5
Let o be 1 - 1 - (1 + 4 + -9). Let m(j) = 4*j**2 - 3*j + 4. What is the units digit of m(o)?
6
Let d = 40 + -46. What is the tens digit of (-153)/d*(4 + -2)?
5
Suppose -4*p - 5*s = -4467, -2*p = -5*p - 3*s + 3354. What is the units digit of p?
3
Let a = 121 + 48. What is the hundreds digit of a?
1
What is the tens digit of 3635/2 - 43/86?
1
Let k(i) = i**2 + 15*i + 21. Suppose 3*d = 12 - 0, -68 = 4*n - 3*d. Let h be k(n). Let z(j) = 4*j - 4. What is the units digit of z(h)?
4
Suppose -3*l + 0*l - 5*r + 2 = 0, 5*l - r = -6. What is the units digit of (430/(-50))/(l/5)?
3
Let v(l) = l**2 + 17*l + 26. Let x be v(-15). Let h(o) = o**3 + 2*o**2 - 8*o + 1. What is the units digit of h(x)?
1
Let v(t) = 16*t**2 + 2*t + 1. Let n be v(2). Let f = -46 + n. Suppose 5*i = 62 + f. What is the tens digit of i?
1
Suppose 0 = 3*g + 12, 0 = 4*i - 0*i - g - 1580. Suppose 2*p + 3*c = 240, -3*p + 4*c = -0*c - i. What is the tens digit of p?
2
Let m = 74 - 71. Suppose 4*p - 321 = -t, 0 = m*t - 5*p + 500 - 1446. What is the units digit of t?
7
Suppose i - 6*i = 115. Let j be (3 - 2)/((-1)/i). Suppose 0 = -3*g - 2*s + 14 + j, 3*s - 50 = -4*g. What is the units digit of g?
1
Let y(a) = 50*a + 43. Let n be y(-13). Let i = -297 - n. What is the tens digit of i?
1
Let y(h) = 5*h. Let x(q) = -4*q + 1. Let l(k) = 4*k - 1. Let j(r) = 7*l(r) + 6*x(r). Let v(a) = 4*j(a) - 3*y(a). What is the units digit of v(13)?
9
Let c be (-1 + 1)*(-8)/(-32). Suppose -q + c = -1. What is the units digit of (34/10)/(q/5)?
7
Let p(q) be the third derivative of 5*q**4/2 - 11*q**3/6 + 7*q**2. What is the hundreds digit of p(2)?
1
What is the